{"id":44,"date":"2017-02-01T22:17:40","date_gmt":"2017-02-01T22:17:40","guid":{"rendered":"http:\/\/tc-aquaman.de\/?page_id=44"},"modified":"2022-07-13T15:50:39","modified_gmt":"2022-07-13T15:50:39","slug":"ueber-uns-2","status":"publish","type":"page","link":"https:\/\/tc-aquaman.de\/?page_id=44","title":{"rendered":"\u00dcber uns"},"content":{"rendered":"<h3>Samstag, 16. M\u00e4rz 1974: Am sp\u00e4ten Nachmittag versammeln sich 22 begeisterte Taucher und arbeiten eine Vereinsordnung aus. Es ist die Geburtsstunde des TC Aquaman, der bald darauf als Mitgliedsverein sowohl in die Ford-Freizeit-Organisation als auch im Verband Deutscher Sporttaucher aufgenommen wird.<\/h3>\n<h3>Fundiertes Taucherk\u00f6nnen und verantwortungsbewusstes Verhalten in der Unterwasserwelt sind heute genauso wie damals die Hauptziele der Ausbildung unseres Vereins. Inzwischen z\u00e4hlt der TC Aquaman 120 eingetragene Mitglieder, Einzelpersonen und Familien.<\/h3>\n<h3>Ohne ein Mindestma\u00df an sportlicher Fitness geht es nat\u00fcrlich auch im Tauchsport nicht. Neben der st\u00e4ndigen technischen und theoretischen Weiterbildung legen wir viel Wert auf unser <a href=\"http:\/\/tc-aquaman.de\/?page_id=47\"><strong>w\u00f6chentliches Training donnerstags um 18:45 Uhr im Hallenbad Saarlouis<\/strong><\/a> (Winterhalbjahr) bzw. im Steinrauschbad oder am Losheimer Stausee (beide Sommerhalbjahr). Ausgebildete \u00dcbungsleiter und Tauchlehrer geben hierbei ihr Bestes, um sowohl die Kondition als auch die taucherischen Fertigkeiten zu verbessern.<\/h3>\n<h3>Nach dem Training bietet unser Clubheim im historischen Torbogengeb\u00e4ude in Fraulautern die M\u00f6glichkeit zur geselligen Kommunikation. Hier finden auch der theoretische Teil der Tauchkurse und sonstige Vereinsversammlungen und Feste statt.<\/h3>\n<h3>Clubmitglieder werden nat\u00fcrlich bestens versorgt: Unsere zahlreichen Druckluft-Tauchger\u00e4te werden von einem vereinseigenen Kompressor gef\u00fcllt. Ebenso steht f\u00fcr unsere Mitglieder eine umfangreiche Tauchausr\u00fcstung bereit, die auch von Teilnehmern an unseren Tauchkursen genutzt werden kann.<\/h3>\n<h3>Tauchen geh\u00f6rt wohl zu den sch\u00f6nsten und erlebnisreichsten sportlichen Aktivit\u00e4ten. Um diese Abenteuer gefahrlos mit Gleichgesinnten genie\u00dfen und bestehen zu k\u00f6nnen, sollte der Weg in die Unterwasserwelt \u00fcber eine Ausbildung im Tauchclub f\u00fchren.<\/h3>\n<h3>Wir w\u00fcnschen allen allzeit<\/h3>\n<h3>Gut Luft!<\/h3>\n","protected":false},"excerpt":{"rendered":"<p>Samstag, 16. M\u00e4rz 1974: Am sp\u00e4ten Nachmittag versammeln sich 22 begeisterte Taucher und arbeiten eine Vereinsordnung aus. Es ist die Geburtsstunde des TC Aquaman, der bald darauf als Mitgliedsverein sowohl in die Ford-Freizeit-Organisation als auch im Verband Deutscher Sporttaucher aufgenommen wird. Fundiertes Taucherk\u00f6nnen und verantwortungsbewusstes Verhalten in der Unterwasserwelt sind heute genauso wie damals die [&hellip;]<\/p>\n","protected":false},"author":1,"featured_media":0,"parent":0,"menu_order":0,"comment_status":"closed","ping_status":"closed","template":"","meta":{"footnotes":""},"class_list":["post-44","page","type-page","status-publish","hentry","post"],"_links":{"self":[{"href":"https:\/\/tc-aquaman.de\/index.php?rest_route=\/wp\/v2\/pages\/44","targetHints":{"allow":["GET"]}}],"collection":[{"href":"https:\/\/tc-aquaman.de\/index.php?rest_route=\/wp\/v2\/pages"}],"about":[{"href":"https:\/\/tc-aquaman.de\/index.php?rest_route=\/wp\/v2\/types\/page"}],"author":[{"embeddable":true,"href":"https:\/\/tc-aquaman.de\/index.php?rest_route=\/wp\/v2\/users\/1"}],"replies":[{"embeddable":true,"href":"https:\/\/tc-aquaman.de\/index.php?rest_route=%2Fwp%2Fv2%2Fcomments&post=44"}],"version-history":[{"count":8,"href":"https:\/\/tc-aquaman.de\/index.php?rest_route=\/wp\/v2\/pages\/44\/revisions"}],"predecessor-version":[{"id":249,"href":"https:\/\/tc-aquaman.de\/index.php?rest_route=\/wp\/v2\/pages\/44\/revisions\/249"}],"wp:attachment":[{"href":"https:\/\/tc-aquaman.de\/index.php?rest_route=%2Fwp%2Fv2%2Fmedia&parent=44"}],"curies":[{"name":"wp","href":"https:\/\/api.w.org\/{rel}","templated":true}]}}